e number?
False
Is 11818863689 prime?
True
Is 9984622757 prime?
False
Is 456851177 prime?
True
Is 2634750035 composite?
True
Is 455591057 a composite number?
True
Is 15688274167 composite?
True
Is 322972907 prime?
False
Is 36486224479 composite?
False
Is 179085337063 a composite number?
False
Is 91984544567 composite?
False
Is 223934129 a composite number?
False
Is 20264728193 a prime number?
False
Is 3001997563 composite?
False
Is 3807792673 a prime number?
True
Is 103524634339 a composite number?
True
Is 3158662307 a prime number?
False
Is 893820671 composite?
False
Is 57934869719 a composite number?
False
Is 93781647329 prime?
False
Is 12618352403 a composite number?
False
Is 4072106279 composite?
False
Is 82753369 composite?
True
Is 7077989 composite?
True
Is 14079623 a composite number?
False
Is 25932947 composite?
False
Is 203455522 composite?
True
Is 947955121 prime?
True
Is 1078797571 a prime number?
True
Is 770360429 composite?
True
Is 36143761261 a composite number?
True
Is 9161754047 a prime number?
False
Is 16092842021 a composite number?
False
Is 34638334033 a composite number?
False
Is 52114933667 a prime number?
True
Is 7368259009 a composite number?
True
Is 17339113483 a composite number?
True
Is 896636969 prime?
True
Is 13137105437 composite?
False
Is 1577994287 composite?
False
Is 1782731701 composite?
True
Is 174638771 prime?
False
Is 345705077 a prime number?
True
Is 119903377279 a prime number?
False
Is 544635401 composite?
True
Is 121259063 composite?
True
Is 4264510999 composite?
True
Is 1530475417 prime?
False
Is 44124243271 a prime number?
True
Is 36500429627 composite?
False
Is 823804529 composite?
False
Is 1969632697 prime?
False
Is 77571733 composite?
False
Is 17544714977 composite?
False
Is 81560513 a prime number?
True
Is 21480851069 composite?
False
Is 15496556683 a prime number?
False
Is 167823983837 composite?
False
Is 377510957 a prime number?
True
Is 5120809 prime?
True
Is 5280647417 prime?
True
Is 1265799077 a composite number?
False
Is 20924926283 a composite number?
True
Is 380186129 a composite number?
True
Is 5453889971 a composite number?
False
Is 12931093421 a composite number?
False
Is 2052169283 a composite number?
False
Is 71758074467 prime?
False
Is 78761584481 a composite number?
True
Is 4569884909 prime?
False
Is 280340279 prime?
False
Is 19631501171 a composite number?
True
Is 126223037 composite?
False
Is 147965874829 composite?
True
Is 2569665757 a composite number?
True
Is 102587614377 a prime number?
False
Is 3916580041 a prime number?
False
Is 14604079223 a prime number?
False
Is 10479720311 composite?
False
Is 1498897457 composite?
True
Is 1417693099 a composite number?
True
Is 9819357347 composite?
False
Is 434181047 prime?
True
Is 30058930873 composite?
True
Is 141640908833 a composite number?
True
Is 12567650437 a prime number?
True
Is 1098743309 a prime number?
True
Is 17461713053 composite?
False
Is 3034948933 composite?
False
Is 5254254482 a prime number?
False
Is 1761733 prime?
True
Is 26600289721 a prime number?
True
Is 154821469 a prime number?
False
Is 16094870413 a composite number?
False
Is 2748951193 composite?
False
Is 3412998821 prime?
True
Is 3683613937 a prime number?
True
Is 546369074 a prime number?
False
Is 26120237657 prime?
True
Is 3472553347 composite?
False
Is 65543497 prime?
True
Is 5714356443 a prime number?
False
Is 2116755127 prime?
False
Is 138113167 a composite number?
True
Is 37404543733 composite?
False
Is 78218053579 prime?
True
Is 3121951867 a prime number?
True
Is 1694829193 a composite number?
False
Is 21454295893 composite?
False
Is 20897255243 a prime number?
False
Is 1062405931 prime?
True
Is 349144405 prime?
False
Is 2277939107 a prime number?
True
Is 1810932187 composite?
True
Is 7274838595 composite?
True
Is 903778297 a composite number?
True
Is 1176754483 a prime number?
False
Is 247825351 a composite number?
False
Is 35653944309 composite?
True
Is 31017092581 prime?
True
Is 27368778065 composite?
True
Is 45710497 composite?
True
Is 342710839 a composite number?
True
Is 15424140229 a composite number?
False
Is 817836749 a prime number?
True
Is 52776585623 a composite number?
True
Is 265828291 a prime number?
True
Is 23998630897 a composite number?
True
Is 38131935239 a prime number?
False
Is 1631507567 a composite number?
True
Is 408722291 a prime number?
True
Is 165660307 composite?
False
Is 16373318257 a prime number?
True
Is 24252791699 prime?
False
Is 2234815001 a prime number?
False
Is 99364553 a prime number?
True
Is 641429169 composite?
True
Is 811700147 a composite number?
False
Is 3179640173 composite?
False
Is 7470542561 prime?
True
Is 771122089 composite?
False
Is 1845415279 a prime number?
True
Is 465681097 a prime number?
False
Is 3086285239 a composite number?
True
Is 34198384333 a prime number?
False
Is 35165150593 prime?
False
Is 7480218619 prime?
True
Is 292921231 prime?
False
Is 130411691 prime?
True
Is 13545132781 composite?
True
Is 17777831 a composite number?
False
Is 19992629507 composite?
False
Is 20680035077 a composite number?
True
Is 43874651833 prime?
True
Is 78805676189 composite?
False
Is 1328620297 prime?
False
Is 689385703 prime?
True
Is 1375647937 prime?
False
Is 79178387 a prime number?
True
Is 16074288281 prime?
True
Is 162194453 composite?
True
Is 108421603 prime?
True
Is 412339241 prime?
True
Is 181122001 prime?
False
Is 4630132763 composite?
False
Is 3460908547 prime?
True
Is 36746601799 prime?
True
Is 69928359607 composite?
True
Is 191884199 a prime number?
False
Is 3366562051 composite?
False
Is 774133873 a prime number?
False
Is 567793943 prime?
False
Is 274002652463 composite?
True
Is 12627626287 a composite number?
True
Is 792208078295 prime?
False
Is 64405860599 a composite number?
True
Is 1085969941 a composite number?
True
Is 494576993 a composite number?
True
Is 82133060171 composite?
False
Is 17040991967 prime?
False
Is 97433179 prime?
False
Is 17273171199 a prime number?
False
Is 3922213121 prime?
False
Is 12826892329 a prime number?
False
Is 1121378927 a prime number?
True
Is 12097253 composite?
True
Is 5424401 prime?
False
Is 415431397 a composite number?
True
Is 271674383 a prime number?
False
Is 559113431 prime?
False
Is 22305696871 a prime number?
False
Is 3149191531 prime?
True
Is 535325309 composite?
False
Is 13321611911 a prime number?
False
Is 46471329551 a prime number?
True
Is 37580734069 prime?
True
Is 815991227 a composite number?
True
Is 13421918161 composite?
False
Is 75646853057 prime?
True
Is 112746564253 composite?
True
Is 40731266591 composite?
True
Is 30232224443 prime?
False
Is 151704657163 a prime number?
True
Is 6600715967 composite?
False
Is 3524090813 a prime number?
False
Is 2778550129 a composite number?
False
Is 12151215539 a prime number?
False
Is 735021347 a prime number?
False
Is 276568909 prime?
True
Is 804610417 a composite number?
True
Is 91006303 a composite number?
False
Is 1530437837 prime?
False
Is 3115302371 prime?
True
Is 636462979 a prime number?
True
Is 1831985726 a prime number?
False
Is 2378102327 prime?
False
Is 5065951501 prime?
False
Is 3541093307 a composite number?
True
Is 10072560437 a composite number?
False
Is 1159777 prime?
True
Is 1191909157 a prime number?
False
Is 146011499 a composite number?
False
Is 1858118837 composite?
False
Is 85960329379 a prime number?
True
Is 2881177487 a composite number?
False
Is 146631977 a prime number?
True
Is 503279741 a composite number?
True
Is 62547606001 composite?
False
Is 10373715733 composite?
False
Is 4941432863 a prime number?
True
Is 3081849467 a composite number?
False
Is 2244313563 composite?
True
Is 1244675603 prime?
False
Is 16456577045 a prime number?
False
Is 6768667391 a prime number?
True
Is 31687565033 a composite number?
True
Is 1206473401 prime?
False
Is 1479016687 prime?
True
Is 3458075879 a prime number?
False
Is 167880313 prime?
True
Is 164036134945 a prime number?
False
Is 129729139123 a prime number?
True
Is 41842515791 a composite number?
True
Is 25096583 prime?
False
Is 8936591407 prime?
True
Is 974177653 a prime number?
False
Is 143756769803 composite?
False
Is 15386801 a prime number?
False
Is 123031483 composite?
False
Is 557318153 composite?
True
Is 7228201907 a composite numbe